8. What is a(70)?
8
Let n(h) = -38572*h + 270012. What is n(7)?
8
Let o(c) = 234*c - 8656. Give o(40).
704
Let o(c) = -22*c**2 - 1045*c - 547. Calculate o(-46).
971
Let i(p) = 218*p + 7037. Give i(-32).
61
Let v(b) = -4*b**3 - 64*b**2 + 270*b - 1014. Determine v(-20).
-14
Let r(v) = -56335*v + 281674. Calculate r(5).
-1
Let q(m) = 1852*m + 322295. Determine q(-174).
47
Let u(x) = -3*x**3 - 388*x**2 - 2553*x - 127. Give u(-7).
-239
Let w(q) = 3*q**3 + 354*q**2 - 317*q + 4822. Determine w(-119).
62
Let f(p) = -2*p**2 + 3*p + 12555. Give f(-79).
-164
Let q(x) = -6*x**2 - 294*x - 3558. What is q(-31)?
-210
Let c(d) = 36*d**3 + 218*d**2 + 31*d + 97. Give c(-6).
-17
Let m(l) = 12*l**2 + 1349*l + 135. Give m(-112).
-425
Let c(u) = 5399822*u - 145795189. What is c(27)?
5
Let h(a) = 18*a**2 + 9979*a - 119790. What is h(12)?
2550
Let t(s) = -1387*s**2 - 24955*s + 134. Determine t(-18).
-64
Let v(u) = -u**3 - 1819*u**2 + 23808*u - 14660. Calculate v(-1832).
-4
Let f(s) = 99222*s - 793980. Calculate f(8).
-204
Let y(v) = -1647*v + 380571. Determine y(231).
114
Let t(f) = 32*f**2 - 1043*f - 2844. Determine t(35).
-149
Let w(y) = -y**3 - 42*y**2 + 293*y + 7125. Calculate w(-45).
15
Let v(f) = -2*f**3 + 20*f**2 + 236*f - 2466. Determine v(11).
-112
Let d(z) = -5*z**2 + 226*z + 720. Determine d(48).
48
Let c(g) = 30*g**2 + 25376*g - 3462. Determine c(-846).
-78
Let s(h) = -5*h**2 - 485*h + 12. Determine s(-97).
12
Let h(w) = 2*w**3 + 96*w**2 - 1260*w + 2236. Give h(-59).
-6
Let q(i) = 40*i**2 - 2933*i + 46653. Give q(50).
3
Let y(q) = -42*q**2 + 337*q - 16. Determine y(7).
285
Let o(r) = -3*r**2 - 75*r + 1904. What is o(-42)?
-238
Let n(v) = -4*v**3 - 741*v**2 - 183*v + 1045. Calculate n(-185).
675
Let y(s) = 92820*s - 1206641. What is y(13)?
19
Let y(n) = 35*n**2 + 155*n - 6. Calculate y(2).
444
Let t(m) = 37*m**2 - 7164*m - 7176. What is t(-1)?
25
Let y(b) = 2*b - 1085. What is y(0)?
-1085
Let s(q) = -57*q**3 - 29*q**2 + 27*q + 2. Calculate s(1).
-57
Let j(a) = -2*a**3 - 52*a**2 - 133*a - 4592. Give j(-27).
457
Let s(g) = g**2 - 105*g - 2001. Calculate s(114).
-975
Let l(i) = 2*i**2 - 22*i - 796. Determine l(-16).
68
Let l(o) = 67088*o + 3. Calculate l(0).
3
Let d(v) = 6579*v - 414429. What is d(63)?
48
Let n(b) = 142*b**3 - 856*b**2 + 21*b + 27. Give n(6).
9
Let v(a) = 791*a + 9629. What is v(-11)?
928
Let l(z) = 67123*z + 3557507. Calculate l(-53).
-12
Let s(t) = -t**2 - 111116*t - 2221909. What is s(-20)?
11
Let r(k) = 2*k**2 + 157200*k + 12. Calculate r(0).
12
Let v(a) = -149*a - 8992. Give v(-65).
693
Let t(y) = -158*y**2 - 22575*y + 2662. Determine t(-143).
-55
Let d(c) = -c**2 - 85*c + 38. Determine d(0).
38
Let i(v) = 5*v**3 + 20*v**2 + 2713*v + 10867. Give i(-4).
15
Let y(f) = -2*f**2 - 165*f - 2618. Calculate y(-66).
-440
Let t(k) = -20540*k + 82162. Give t(4).
2
Let t(k) = 7547345*k - 52831418. Give t(7).
-3
Let o(j) = -j**3 + 923*j**2 - 10033*j + 906. What is o(912)?
-6
Let l(n) = 24*n**3 - 229*n**2 + 455*n + 3. Give l(2).
189
Let x(z) = 33*z**2 - 4780*z - 294. Calculate x(145).
431
Let b(v) = -5*v**3 - 855*v**2 - 11*v - 1938. What is b(-171)?
-57
Let s(z) = 2*z**3 - 48*z**2 - 688*z - 45. Determine s(-10).
35
Let m(u) = 136*u**2 + 46*u + 63. Give m(-2).
515
Let g(i) = 2*i**2 + 563*i - 887. Give g(-283).
-38
Let q(b) = 23581*b**2 - 424456*b - 30. Calculate q(18).
6
Let b(r) = -39760*r + 477112. Determine b(12).
-8
Let l(q) = 4975*q - 233877. Give l(47).
-52
Let o(q) = q**3 + 66*q**2 + 59*q - 395. Give o(-65).
-5
Let p(d) = 3*d**3 - 359*d - 29. Give p(11).
15
Let z(o) = -2386*o + 21251. Calculate z(9).
-223
Let u(l) = l**3 + 23*l**2 - 7258*l - 160049. Give u(-22).
111
Let d(g) = 662610*g - 1325217. Calculate d(2).
3
Let s(n) = -225*n + 8107. What is s(34)?
457
Let b(l) = 5*l**3 - 1703*l**2 + 991*l + 9447. Determine b(340).
-413
Let x(c) = -32153*c + 16. Give x(0).
16
Let n(t) = -619*t**2 - 16107*t - 295. Determine n(-26).
43
Let b(u) = -2*u**3 - 695*u**2 + 2455*u - 772. What is b(-351)?
-70
Let a(x) = -x**3 - 128*x**2 - 212*x + 5051. What is a(-126)?
11
Let g(u) = 153*u + 18095. Determine g(-133).
-2254
Let x(d) = 5950*d + 1291106. Determine x(-217).
-44
Let a(x) = -x**2 + 999*x - 10876. Give a(11).
-8
Let i(y) = -113*y**2 + 1032*y + 160. What is i(9)?
295
Let r(v) = 3*v**2 + 45*v - 156. Give r(7).
306
Let y(l) = -40*l**2 - 4132*l - 1237. Give y(-103).
-1
Let j(y) = 3*y**3 + 31*y**2 - 43*y - 966. What is j(-8)?
-174
Let g(m) = m**3 - 54*m**2 - 407*m - 5. Determine g(0).
-5
Let a(p) = 30241*p + 514161. What is a(-17)?
64
Let o(i) = 12688*i + 114151. Calculate o(-9).
-41
Let k(s) = -7049*s - 62310. Calculate k(-9).
1131
Let x(w) = w**3 + 1293*w**2 + 17981*w + 95892. Give x(-1279).
-33
Let x(j) = j**3 + 146*j**2 - 3135*j + 123. Determine x(-165).
123
Let r(x) = 5*x**3 + 569*x**2 - 2976*x + 6. Give r(5).
-24
Let c(h) = 924*h - 90575. Calculate c(98).
-23
Let i(u) = -27*u**2 + 6306*u + 31577. What is i(-5)?
-628
Let l(d) = -11*d**2 + 2704*d + 148337. Determine l(292).
1
Let c(l) = -1793*l - 37815. Calculate c(-21).
-162
Let o(s) = -1054*s**2 + 45*s. Calculate o(1).
-1009
Let x(b) = -524*b - 140986. What is x(-269)?
-30
Let q(z) = -30*z**3 + 32*z**2 - 23*z + 24. Give q(1).
3
Let o(x) = 4288*x - 76121. Calculate o(18).
1063
Let d(k) = 2*k**2 - 780*k + 20260. Calculate d(28).
-12
Let k(o) = -2*o**3 + 580*o**2 - 212*o + 61482. Calculate k(290).
2
Let r(o) = o**2 - 473*o - 40507. Give r(-74).
-29
Let y(q) = q**3 + 2*q**2 - 992*q - 35943. Give y(42).
9
Let c(t) = -7*t**3 + 3021*t**2 - 1718*t - 2582. Calculate c(431).
4
Let i(b) = -44283*b + 4693989. Determine i(106).
-9
Let u(w) = 2*w**2 - 79*w - 254. Determine u(42).
-44
Let l(x) = -x**2 + 17279*x - 103635. Give l(6).
3
Let t(n) = -2*n**3 - 104*n**2 - 1162*n + 4936. Calculate t(-26).
-4
Let k(o) = 58*o**2 - 20533*o + 2824. What is k(354)?
2470
Let j(f) = 2907*f + 87210. Give j(-30).
0
Let x(s) = -32*s**2 - 11391*s + 370. Determine x(-356).
14
Let m(f) = -f**3 - 105*f**2 - 874*f - 963. Determine m(-96).
-3
Let x(o) = -23047*o + 345508. Calculate x(15).
-197
Let d(j) = -80*j**3 - 11*j**2 - 3*j + 8. Calculate d(-1).
80
Let k(w) = 2*w**3 + 272*w**2 + 350*w + 10790. What is k(-135)?
-10
Let r(l) = 16241*l + 97464. Calculate r(-6).
18
Let k(c) = c**2 - 356*c + 9236. Determine k(28).
52
Let r(u) = -88*u - 3460. What is r(-35)?
-380
Let x(h) = -94*h**2 - 3123*h - 715. What is x(-33)?
-22
Let f(k) = -16*k**3 - 3*k**2 - 117722*k + 117726. Determine f(1).
-15
Let s(u) = -1530*u - 43646. What is s(-29)?
724
Let l(a) = -a**3 + 71*a**2 - 509*a - 478. Calculate l(63).
-793
Let c(k) = -199*k**2 + 850*k + 1055. Give c(-1).
6
Let n(g) = -573*g**2 + 111*g + 23. Calculate n(-1).
-661
Let p(a) = -a**2 + 138*a + 34453. Determine p(264).
1189
Let q(b) = -4*b**3 + 55*b**2 + 155. Calculate q(14).
-41
Let t(c) = -428188*c - 856379. Determine t(-2).
-3
Let l(u) = -2*u**2 + 3649*u - 541637. Determine l(163).
12
Let c(z) = 2*z**3 - 32*z**2 - 124*z + 2017. Determine c(16).
33
Let v(u) = 34*u**2 + 38*u - 9. Determine v(-1).
-13
Let n(l) = 316*l**2 - 1424*l - 718. What is n(5)?
62
Let o(j) = -8*j**2 - 881*j + 3658. Calculate o(4).
6
Let m(j) = 475819*j + 10943826. Give m(-23).
-11
Let l(b) = -2199*b + 301237. Give l(137).
-26
Let t(c) = -918*c + 151220. Determine t(165).
-250
Let q(t) = -t**2 - 652*t + 13470. What is q(20)?
30
Let k(g) = 152845*g - 458535. What is k(3)?
0
Let w(i) = 248*i**2 - 5458*i + 62. Calculate w(22).
18
Let q(a) = 2*a**2 + 81*a + 564. Calculate q(-6).
150
Let p(x) = x**2 + 48*x - 2400. What is p(30)?
-60
Let b(g) = 11*g**2 + 2076*g - 4534. What is b(-191)?
241
Let v(y) = 2*y**3 - 2536*y**2 + 2557*y - 29139. Calculate v(1267).
2
Let f(v) = 3*v**2 - 2638*v + 56584. Give f(22).
0
Let r(k) = -6518*k**2 + 2698446*k + 2496. Calculate r(414).
12
Let s(p) = -23262*p - 23282. What is s(-1)?
-20
Let l(k) = -k**3 + 388*k**2 - 1521*k - 5766. Determine l(384).
-6
Let p(c) = 4*c**3 + 29*c**2 + 164*c + 1930. Calculate p(-8).
426
Let l(u) = 6783*u + 101699. Give l(-15).
-46
Let n(w) = 5026*w + 45377. What is n(-9)?
143
Let i(w) = -20*w**2 - 223*w - 599. Determine i(-7).
-18
Let m(l) = 27185*l - 135974. What is m(5)?
-49
Let f(r) = -r**3 + 133*r**2 + 2223*r + 11. Calculate f(0).
11
Let q(h) = 5*h**3 - 1478*h**2 - 609*h + 5028. 